{"id":5992,"date":"2024-02-19T13:35:36","date_gmt":"2024-02-19T16:35:36","guid":{"rendered":"https:\/\/mangueira.com.br\/site\/?page_id=5992"},"modified":"2024-12-19T15:54:02","modified_gmt":"2024-12-19T17:54:02","slug":"acervo-virtual-mangueira","status":"publish","type":"page","link":"https:\/\/mangueira.com.br\/site\/acervo-virtual-mangueira\/","title":{"rendered":"ACERVO VIRTUAL DE MANGUEIRA"},"content":{"rendered":"\t\t<div data-elementor-type=\"wp-page\" data-elementor-id=\"5992\" class=\"elementor elementor-5992\">\n\t\t\t\t\t\t<section class=\"elementor-section elementor-top-section elementor-element elementor-element-929fb80 ct-section-stretched elementor-section-content-top ct-columns-alignment-fix elementor-section-full_width elementor-section-height-default elementor-section-height-default\" data-id=\"929fb80\" data-element_type=\"section\">\n\t\t\t\t\t\t<div class=\"elementor-container elementor-column-gap-default\">\n\t\t\t\t\t<div class=\"elementor-column elementor-col-100 elementor-top-column elementor-element elementor-element-7ed69b9c\" data-id=\"7ed69b9c\" data-element_type=\"column\">\n\t\t\t<div class=\"elementor-widget-wrap elementor-element-populated\">\n\t\t\t\t\t\t<div class=\"elementor-element elementor-element-ec6868c elementor-widget elementor-widget-spacer\" data-id=\"ec6868c\" data-element_type=\"widget\" data-widget_type=\"spacer.default\">\n\t\t\t\t<div class=\"elementor-widget-container\">\n\t\t\t\t\t\t\t<div class=\"elementor-spacer\">\n\t\t\t<div class=\"elementor-spacer-inner\"><\/div>\n\t\t<\/div>\n\t\t\t\t\t\t<\/div>\n\t\t\t\t<\/div>\n\t\t\t\t\t<\/div>\n\t\t<\/div>\n\t\t\t\t\t<\/div>\n\t\t<\/section>\n\t\t\t\t<section class=\"elementor-section elementor-top-section elementor-element elementor-element-630e1de ct-section-stretched elementor-section-content-top ct-columns-alignment-fix elementor-section-boxed elementor-section-height-default elementor-section-height-default\" data-id=\"630e1de\" data-element_type=\"section\" data-settings=\"{&quot;background_background&quot;:&quot;classic&quot;}\">\n\t\t\t\t\t\t<div class=\"elementor-container elementor-column-gap-default\">\n\t\t\t\t\t<div class=\"elementor-column elementor-col-100 elementor-top-column elementor-element elementor-element-bf76614\" data-id=\"bf76614\" data-element_type=\"column\">\n\t\t\t<div class=\"elementor-widget-wrap elementor-element-populated\">\n\t\t\t\t\t\t<div class=\"elementor-element elementor-element-7a3adca elementor-widget elementor-widget-image\" data-id=\"7a3adca\" data-element_type=\"widget\" data-widget_type=\"image.default\">\n\t\t\t\t<div class=\"elementor-widget-container\">\n\t\t\t\t\t\t\t\t\t\t\t\t\t\t\t<img fetchpriority=\"high\" decoding=\"async\" width=\"225\" height=\"300\" src=\"https:\/\/mangueira.com.br\/site\/wp-content\/uploads\/2021\/03\/NOT_01-225x300.jpg\" class=\"attachment-medium size-medium wp-image-1676\" alt=\"\" srcset=\"https:\/\/mangueira.com.br\/site\/wp-content\/uploads\/2021\/03\/NOT_01-225x300.jpg 225w, https:\/\/mangueira.com.br\/site\/wp-content\/uploads\/2021\/03\/NOT_01.jpg 350w\" sizes=\"(max-width: 225px) 100vw, 225px\" \/>\t\t\t\t\t\t\t\t\t\t\t\t\t\t\t<\/div>\n\t\t\t\t<\/div>\n\t\t\t\t<div class=\"elementor-element elementor-element-b3049f6 elementor-widget elementor-widget-text-editor\" data-id=\"b3049f6\" data-element_type=\"widget\" data-widget_type=\"text-editor.default\">\n\t\t\t\t<div class=\"elementor-widget-container\">\n\t\t\t\t\t\t\t\t\t<p><b>Programa: <\/b>Acervo Virtual de Mangueira<br \/><strong>Projeto:<\/strong> Esta\u00e7\u00e3o Primeira de Mangueira: Ancestralidade, Mem\u00f3ria e o Poder Feminino em sua hist\u00f3ria<\/p><p style=\"text-align: center;\">EDITAL N\u00b0 001\/2024<\/p><p>SELE\u00c7\u00c3O SIMPLIFICADA DE CURR\u00cdCULOS<\/p><p>O Gr\u00eamio Recreativo Escola de Samba Esta\u00e7\u00e3o Primeira de Mangueira, CNPJ n\u00b0 30.029.219\/0001-84, com endere\u00e7o na Rua Visconde de Niter\u00f3i, 1072 \u2013 Rio de Janeiro \u2013 RJ \u2013 CEP: 20943001, em execu\u00e7\u00e3o ao projeto cultural intitulado \u201cEsta\u00e7\u00e3o Primeira de Mangueira: Ancestralidade, Mem\u00f3ria e o Poder Feminino em sua hist\u00f3ria\u201d, Termo de Fomento n\u00b0 941311\/2023, celebrado em parceria entre o Gr\u00eamio Recreativo Escola de Samba Esta\u00e7\u00e3o Primeira de Mangueira e o Minist\u00e9rio da Cultura\/Governo Federal, simplesmente denominado \u201cAcervo Virtual de Mangueira\u201d, vem por meio deste, tornar p\u00fablico os documentos<span style=\"font-size: inherit; text-align: inherit; background-color: var( --e-global-color-e8a522e ); color: var(--color); font-family: var(--fontFamily); font-style: var(--fontStyle, inherit); font-weight: var(--fontWeight); letter-spacing: var(--letterSpacing); text-transform: var(--textTransform);\">\u00a0do projeto para download:<\/span><\/p>\t\t\t\t\t\t\t\t<\/div>\n\t\t\t\t<\/div>\n\t\t\t\t<div class=\"elementor-element elementor-element-b876083 elementor-align-center elementor-widget elementor-widget-button\" data-id=\"b876083\" data-element_type=\"widget\" data-widget_type=\"button.default\">\n\t\t\t\t<div class=\"elementor-widget-container\">\n\t\t\t\t\t\t\t\t\t<div class=\"elementor-button-wrapper\">\n\t\t\t\t\t<a class=\"elementor-button elementor-button-link elementor-size-lg\" href=\"https:\/\/mangueira.com.br\/link\/download\/EDITAL_001_2023.pdf\" target=\"_blank\">\n\t\t\t\t\t\t<span class=\"elementor-button-content-wrapper\">\n\t\t\t\t\t\t<span class=\"elementor-button-icon\">\n\t\t\t\t<i aria-hidden=\"true\" class=\"fas fa-file-download\"><\/i>\t\t\t<\/span>\n\t\t\t\t\t\t\t\t\t<span class=\"elementor-button-text\"> Edital inicial<\/span>\n\t\t\t\t\t<\/span>\n\t\t\t\t\t<\/a>\n\t\t\t\t<\/div>\n\t\t\t\t\t\t\t\t<\/div>\n\t\t\t\t<\/div>\n\t\t\t\t<div class=\"elementor-element elementor-element-e42243d elementor-align-center elementor-widget elementor-widget-button\" data-id=\"e42243d\" data-element_type=\"widget\" data-widget_type=\"button.default\">\n\t\t\t\t<div class=\"elementor-widget-container\">\n\t\t\t\t\t\t\t\t\t<div class=\"elementor-button-wrapper\">\n\t\t\t\t\t<a class=\"elementor-button elementor-button-link elementor-size-lg\" href=\"https:\/\/mangueira.com.br\/site\/2024\/04\/19\/editais-do-projeto-acervo-virtual-de-mangueira\/\">\n\t\t\t\t\t\t<span class=\"elementor-button-content-wrapper\">\n\t\t\t\t\t\t<span class=\"elementor-button-icon\">\n\t\t\t\t<i aria-hidden=\"true\" class=\"fas fa-file-download\"><\/i>\t\t\t<\/span>\n\t\t\t\t\t\t\t\t\t<span class=\"elementor-button-text\">Demais Editais do projeto<\/span>\n\t\t\t\t\t<\/span>\n\t\t\t\t\t<\/a>\n\t\t\t\t<\/div>\n\t\t\t\t\t\t\t\t<\/div>\n\t\t\t\t<\/div>\n\t\t\t\t<div class=\"elementor-element elementor-element-8b38b5c elementor-align-center elementor-widget elementor-widget-button\" data-id=\"8b38b5c\" data-element_type=\"widget\" data-widget_type=\"button.default\">\n\t\t\t\t<div class=\"elementor-widget-container\">\n\t\t\t\t\t\t\t\t\t<div class=\"elementor-button-wrapper\">\n\t\t\t\t\t<a class=\"elementor-button elementor-button-link elementor-size-lg\" href=\"https:\/\/mangueira.com.br\/link\/download\/Estrutura_de_infos_transparencia_Site_atualizada.pdf\">\n\t\t\t\t\t\t<span class=\"elementor-button-content-wrapper\">\n\t\t\t\t\t\t<span class=\"elementor-button-icon\">\n\t\t\t\t<i aria-hidden=\"true\" class=\"fas fa-file-download\"><\/i>\t\t\t<\/span>\n\t\t\t\t\t\t\t\t\t<span class=\"elementor-button-text\">Estrutura de infos transparencia<\/span>\n\t\t\t\t\t<\/span>\n\t\t\t\t\t<\/a>\n\t\t\t\t<\/div>\n\t\t\t\t\t\t\t\t<\/div>\n\t\t\t\t<\/div>\n\t\t\t\t<div class=\"elementor-element elementor-element-1d9883a elementor-align-center elementor-widget elementor-widget-button\" data-id=\"1d9883a\" data-element_type=\"widget\" data-widget_type=\"button.default\">\n\t\t\t\t<div class=\"elementor-widget-container\">\n\t\t\t\t\t\t\t\t\t<div class=\"elementor-button-wrapper\">\n\t\t\t\t\t<a class=\"elementor-button elementor-button-link elementor-size-lg\" href=\"https:\/\/mangueira.com.br\/link\/download\/SEI_MinC-1526011-Termo_de_Fomento_941311_assinado.pdf\">\n\t\t\t\t\t\t<span class=\"elementor-button-content-wrapper\">\n\t\t\t\t\t\t<span class=\"elementor-button-icon\">\n\t\t\t\t<i aria-hidden=\"true\" class=\"fas fa-file-download\"><\/i>\t\t\t<\/span>\n\t\t\t\t\t\t\t\t\t<span class=\"elementor-button-text\">SEI MinC-1526011 - Termo de Fomento 941311 assinado<\/span>\n\t\t\t\t\t<\/span>\n\t\t\t\t\t<\/a>\n\t\t\t\t<\/div>\n\t\t\t\t\t\t\t\t<\/div>\n\t\t\t\t<\/div>\n\t\t\t\t<div class=\"elementor-element elementor-element-6491e7a elementor-align-center elementor-widget elementor-widget-button\" data-id=\"6491e7a\" data-element_type=\"widget\" data-widget_type=\"button.default\">\n\t\t\t\t<div class=\"elementor-widget-container\">\n\t\t\t\t\t\t\t\t\t<div class=\"elementor-button-wrapper\">\n\t\t\t\t\t<a class=\"elementor-button elementor-button-link elementor-size-lg\" href=\"https:\/\/mangueira.com.br\/link\/download\/Or\u00e7amento_TF_941311_PAD.pdf\">\n\t\t\t\t\t\t<span class=\"elementor-button-content-wrapper\">\n\t\t\t\t\t\t<span class=\"elementor-button-icon\">\n\t\t\t\t<i aria-hidden=\"true\" class=\"fas fa-file-download\"><\/i>\t\t\t<\/span>\n\t\t\t\t\t\t\t\t\t<span class=\"elementor-button-text\">Or\u00e7amento TF 941311 PAD<\/span>\n\t\t\t\t\t<\/span>\n\t\t\t\t\t<\/a>\n\t\t\t\t<\/div>\n\t\t\t\t\t\t\t\t<\/div>\n\t\t\t\t<\/div>\n\t\t\t\t<div class=\"elementor-element elementor-element-efba169 elementor-align-center elementor-widget elementor-widget-button\" data-id=\"efba169\" data-element_type=\"widget\" data-widget_type=\"button.default\">\n\t\t\t\t<div class=\"elementor-widget-container\">\n\t\t\t\t\t\t\t\t\t<div class=\"elementor-button-wrapper\">\n\t\t\t\t\t<a class=\"elementor-button elementor-button-link elementor-size-lg\" href=\"https:\/\/mangueira.com.br\/link\/download\/DOU_22-12-2023_Termo_de_Fomento_941311-2023.pdf\">\n\t\t\t\t\t\t<span class=\"elementor-button-content-wrapper\">\n\t\t\t\t\t\t<span class=\"elementor-button-icon\">\n\t\t\t\t<i aria-hidden=\"true\" class=\"fas fa-file-download\"><\/i>\t\t\t<\/span>\n\t\t\t\t\t\t\t\t\t<span class=\"elementor-button-text\">DOU 22-12-2023 Termo de Fomento 941311-2023<\/span>\n\t\t\t\t\t<\/span>\n\t\t\t\t\t<\/a>\n\t\t\t\t<\/div>\n\t\t\t\t\t\t\t\t<\/div>\n\t\t\t\t<\/div>\n\t\t\t\t<div class=\"elementor-element elementor-element-2b75100 elementor-align-center elementor-widget elementor-widget-button\" data-id=\"2b75100\" data-element_type=\"widget\" data-widget_type=\"button.default\">\n\t\t\t\t<div class=\"elementor-widget-container\">\n\t\t\t\t\t\t\t\t\t<div class=\"elementor-button-wrapper\">\n\t\t\t\t\t<a class=\"elementor-button elementor-button-link elementor-size-lg\" href=\"https:\/\/mangueira.com.br\/link\/download\/Desembolso_MANGUEIRA.xlsx\">\n\t\t\t\t\t\t<span class=\"elementor-button-content-wrapper\">\n\t\t\t\t\t\t<span class=\"elementor-button-icon\">\n\t\t\t\t<i aria-hidden=\"true\" class=\"fas fa-file-download\"><\/i>\t\t\t<\/span>\n\t\t\t\t\t\t\t\t\t<span class=\"elementor-button-text\">Desembolso<\/span>\n\t\t\t\t\t<\/span>\n\t\t\t\t\t<\/a>\n\t\t\t\t<\/div>\n\t\t\t\t\t\t\t\t<\/div>\n\t\t\t\t<\/div>\n\t\t\t\t\t<\/div>\n\t\t<\/div>\n\t\t\t\t\t<\/div>\n\t\t<\/section>\n\t\t\t\t<\/div>\n\t\t","protected":false},"excerpt":{"rendered":"<p>Programa: Acervo Virtual de MangueiraProjeto: Esta\u00e7\u00e3o Primeira de Mangueira: Ancestralidade, Mem\u00f3ria e o Poder Feminino em sua hist\u00f3ria EDITAL N\u00b0 001\/2024 SELE\u00c7\u00c3O SIMPLIFICADA DE CURR\u00cdCULOS O Gr\u00eamio Recreativo Escola de Samba Esta\u00e7\u00e3o Primeira de Mangueira, CNPJ n\u00b0 30.029.219\/0001-84, com endere\u00e7o na Rua Visconde de Niter\u00f3i, 1072 \u2013 Rio de Janeiro \u2013 RJ \u2013 CEP: 20943001, em execu\u00e7\u00e3o ao projeto cultural intitulado \u201cEsta\u00e7\u00e3o Primeira de Mangueira: Ancestralidade, Mem\u00f3ria e o Poder Feminino em sua hist\u00f3ria\u201d, Termo de Fomento n\u00b0 941311\/2023, celebrado em parceria entre o Gr\u00eamio Recreativo Escola de Samba Esta\u00e7\u00e3o Primeira de Mangueira e o Minist\u00e9rio da Cultura\/Governo Federal, simplesmente\u2026<\/p>\n","protected":false},"author":1,"featured_media":0,"parent":0,"menu_order":0,"comment_status":"closed","ping_status":"closed","template":"","meta":{"footnotes":""},"class_list":["post-5992","page","type-page","status-publish","hentry"],"blocksy_meta":"","featured_image_urls":{"full":"","thumbnail":"","medium":"","medium_large":"","large":"","1536x1536":"","2048x2048":""},"post_excerpt_stackable":"<p>Programa: Acervo Virtual de MangueiraProjeto: Esta\u00e7\u00e3o Primeira de Mangueira: Ancestralidade, Mem\u00f3ria e o Poder Feminino em sua hist\u00f3riaEDITAL N\u00b0 001\/2024SELE\u00c7\u00c3O SIMPLIFICADA DE CURR\u00cdCULOSO Gr\u00eamio Recreativo Escola de Samba Esta\u00e7\u00e3o Primeira de Mangueira, CNPJ n\u00b0 30.029.219\/0001-84, com endere\u00e7o na Rua Visconde de Niter\u00f3i, 1072 \u2013 Rio de Janeiro \u2013 RJ \u2013 CEP: 20943001, em execu\u00e7\u00e3o ao projeto cultural intitulado \u201cEsta\u00e7\u00e3o Primeira de Mangueira: Ancestralidade, Mem\u00f3ria e o Poder Feminino em sua hist\u00f3ria\u201d, Termo de Fomento n\u00b0 941311\/2023, celebrado em parceria entre o Gr\u00eamio Recreativo Escola de Samba Esta\u00e7\u00e3o Primeira de Mangueira e o Minist\u00e9rio da Cultura\/Governo Federal, simplesmente denominado \u201cAcervo Virtual&hellip;<\/p>\n","category_list":"","author_info":{"name":"admin.mangueira","url":"https:\/\/mangueira.com.br\/site\/author\/admin-mangueira\/"},"comments_num":"0 coment\u00e1rio","yoast_head":"<!-- This site is optimized with the Yoast SEO plugin v26.7 - https:\/\/yoast.com\/wordpress\/plugins\/seo\/ -->\n<title>ACERVO VIRTUAL DE MANGUEIRA - Mangueira<\/title>\n<meta name=\"robots\" content=\"index, follow, max-snippet:-1, max-image-preview:large, max-video-preview:-1\" \/>\n<link rel=\"canonical\" href=\"https:\/\/mangueira.com.br\/site\/acervo-virtual-mangueira\/\" \/>\n<meta property=\"og:locale\" content=\"pt_BR\" \/>\n<meta property=\"og:type\" content=\"article\" \/>\n<meta property=\"og:title\" content=\"ACERVO VIRTUAL DE MANGUEIRA - Mangueira\" \/>\n<meta property=\"og:description\" content=\"Programa: Acervo Virtual de MangueiraProjeto: Esta\u00e7\u00e3o Primeira de Mangueira: Ancestralidade, Mem\u00f3ria e o Poder Feminino em sua hist\u00f3ria EDITAL N\u00b0 001\/2024 SELE\u00c7\u00c3O SIMPLIFICADA DE CURR\u00cdCULOS O Gr\u00eamio Recreativo Escola de Samba Esta\u00e7\u00e3o Primeira de Mangueira, CNPJ n\u00b0 30.029.219\/0001-84, com endere\u00e7o na Rua Visconde de Niter\u00f3i, 1072 \u2013 Rio de Janeiro \u2013 RJ \u2013 CEP: 20943001, em execu\u00e7\u00e3o ao projeto cultural intitulado \u201cEsta\u00e7\u00e3o Primeira de Mangueira: Ancestralidade, Mem\u00f3ria e o Poder Feminino em sua hist\u00f3ria\u201d, Termo de Fomento n\u00b0 941311\/2023, celebrado em parceria entre o Gr\u00eamio Recreativo Escola de Samba Esta\u00e7\u00e3o Primeira de Mangueira e o Minist\u00e9rio da Cultura\/Governo Federal, simplesmente\u2026\" \/>\n<meta property=\"og:url\" content=\"https:\/\/mangueira.com.br\/site\/acervo-virtual-mangueira\/\" \/>\n<meta property=\"og:site_name\" content=\"Mangueira\" \/>\n<meta property=\"article:publisher\" content=\"https:\/\/facebook.com\/GRESEPMangueira\" \/>\n<meta property=\"article:modified_time\" content=\"2024-12-19T17:54:02+00:00\" \/>\n<meta property=\"og:image\" content=\"https:\/\/mangueira.com.br\/site\/wp-content\/uploads\/2021\/03\/NOT_01.jpg\" \/>\n\t<meta property=\"og:image:width\" content=\"350\" \/>\n\t<meta property=\"og:image:height\" content=\"466\" \/>\n\t<meta property=\"og:image:type\" content=\"image\/jpeg\" \/>\n<meta name=\"twitter:card\" content=\"summary_large_image\" \/>\n<meta name=\"twitter:site\" content=\"@gresmangueira\" \/>\n<meta name=\"twitter:label1\" content=\"Est. tempo de leitura\" \/>\n\t<meta name=\"twitter:data1\" content=\"1 minuto\" \/>\n<script type=\"application\/ld+json\" class=\"yoast-schema-graph\">{\"@context\":\"https:\/\/schema.org\",\"@graph\":[{\"@type\":\"WebPage\",\"@id\":\"https:\/\/mangueira.com.br\/site\/acervo-virtual-mangueira\/\",\"url\":\"https:\/\/mangueira.com.br\/site\/acervo-virtual-mangueira\/\",\"name\":\"ACERVO VIRTUAL DE MANGUEIRA - Mangueira\",\"isPartOf\":{\"@id\":\"https:\/\/mangueira.com.br\/site\/#website\"},\"primaryImageOfPage\":{\"@id\":\"https:\/\/mangueira.com.br\/site\/acervo-virtual-mangueira\/#primaryimage\"},\"image\":{\"@id\":\"https:\/\/mangueira.com.br\/site\/acervo-virtual-mangueira\/#primaryimage\"},\"thumbnailUrl\":\"https:\/\/mangueira.com.br\/site\/wp-content\/uploads\/2021\/03\/NOT_01-225x300.jpg\",\"datePublished\":\"2024-02-19T16:35:36+00:00\",\"dateModified\":\"2024-12-19T17:54:02+00:00\",\"breadcrumb\":{\"@id\":\"https:\/\/mangueira.com.br\/site\/acervo-virtual-mangueira\/#breadcrumb\"},\"inLanguage\":\"pt-BR\",\"potentialAction\":[{\"@type\":\"ReadAction\",\"target\":[\"https:\/\/mangueira.com.br\/site\/acervo-virtual-mangueira\/\"]}]},{\"@type\":\"ImageObject\",\"inLanguage\":\"pt-BR\",\"@id\":\"https:\/\/mangueira.com.br\/site\/acervo-virtual-mangueira\/#primaryimage\",\"url\":\"https:\/\/mangueira.com.br\/site\/wp-content\/uploads\/2021\/03\/NOT_01.jpg\",\"contentUrl\":\"https:\/\/mangueira.com.br\/site\/wp-content\/uploads\/2021\/03\/NOT_01.jpg\",\"width\":350,\"height\":466},{\"@type\":\"BreadcrumbList\",\"@id\":\"https:\/\/mangueira.com.br\/site\/acervo-virtual-mangueira\/#breadcrumb\",\"itemListElement\":[{\"@type\":\"ListItem\",\"position\":1,\"name\":\"In\u00edcio\",\"item\":\"https:\/\/mangueira.com.br\/site\/\"},{\"@type\":\"ListItem\",\"position\":2,\"name\":\"ACERVO VIRTUAL DE MANGUEIRA\"}]},{\"@type\":\"WebSite\",\"@id\":\"https:\/\/mangueira.com.br\/site\/#website\",\"url\":\"https:\/\/mangueira.com.br\/site\/\",\"name\":\"Mangueira\",\"description\":\"A Maior Escola de Samba do Planeta\",\"publisher\":{\"@id\":\"https:\/\/mangueira.com.br\/site\/#organization\"},\"potentialAction\":[{\"@type\":\"SearchAction\",\"target\":{\"@type\":\"EntryPoint\",\"urlTemplate\":\"https:\/\/mangueira.com.br\/site\/?s={search_term_string}\"},\"query-input\":{\"@type\":\"PropertyValueSpecification\",\"valueRequired\":true,\"valueName\":\"search_term_string\"}}],\"inLanguage\":\"pt-BR\"},{\"@type\":\"Organization\",\"@id\":\"https:\/\/mangueira.com.br\/site\/#organization\",\"name\":\"Mangueira\",\"url\":\"https:\/\/mangueira.com.br\/site\/\",\"logo\":{\"@type\":\"ImageObject\",\"inLanguage\":\"pt-BR\",\"@id\":\"https:\/\/mangueira.com.br\/site\/#\/schema\/logo\/image\/\",\"url\":\"https:\/\/mangueira.com.br\/site\/wp-content\/uploads\/2021\/03\/mangueira-logo-BrancoBrancoPeq-1.png\",\"contentUrl\":\"https:\/\/mangueira.com.br\/site\/wp-content\/uploads\/2021\/03\/mangueira-logo-BrancoBrancoPeq-1.png\",\"width\":350,\"height\":415,\"caption\":\"Mangueira\"},\"image\":{\"@id\":\"https:\/\/mangueira.com.br\/site\/#\/schema\/logo\/image\/\"},\"sameAs\":[\"https:\/\/facebook.com\/GRESEPMangueira\",\"https:\/\/x.com\/gresmangueira\",\"https:\/\/www.instagram.com\/mangueira_oficial\",\"https:\/\/www.youtube.com\/c\/estacaoprimeirademangueira\"]}]}<\/script>\n<!-- \/ Yoast SEO plugin. -->","yoast_head_json":{"title":"ACERVO VIRTUAL DE MANGUEIRA - Mangueira","robots":{"index":"index","follow":"follow","max-snippet":"max-snippet:-1","max-image-preview":"max-image-preview:large","max-video-preview":"max-video-preview:-1"},"canonical":"https:\/\/mangueira.com.br\/site\/acervo-virtual-mangueira\/","og_locale":"pt_BR","og_type":"article","og_title":"ACERVO VIRTUAL DE MANGUEIRA - Mangueira","og_description":"Programa: Acervo Virtual de MangueiraProjeto: Esta\u00e7\u00e3o Primeira de Mangueira: Ancestralidade, Mem\u00f3ria e o Poder Feminino em sua hist\u00f3ria EDITAL N\u00b0 001\/2024 SELE\u00c7\u00c3O SIMPLIFICADA DE CURR\u00cdCULOS O Gr\u00eamio Recreativo Escola de Samba Esta\u00e7\u00e3o Primeira de Mangueira, CNPJ n\u00b0 30.029.219\/0001-84, com endere\u00e7o na Rua Visconde de Niter\u00f3i, 1072 \u2013 Rio de Janeiro \u2013 RJ \u2013 CEP: 20943001, em execu\u00e7\u00e3o ao projeto cultural intitulado \u201cEsta\u00e7\u00e3o Primeira de Mangueira: Ancestralidade, Mem\u00f3ria e o Poder Feminino em sua hist\u00f3ria\u201d, Termo de Fomento n\u00b0 941311\/2023, celebrado em parceria entre o Gr\u00eamio Recreativo Escola de Samba Esta\u00e7\u00e3o Primeira de Mangueira e o Minist\u00e9rio da Cultura\/Governo Federal, simplesmente\u2026","og_url":"https:\/\/mangueira.com.br\/site\/acervo-virtual-mangueira\/","og_site_name":"Mangueira","article_publisher":"https:\/\/facebook.com\/GRESEPMangueira","article_modified_time":"2024-12-19T17:54:02+00:00","og_image":[{"width":350,"height":466,"url":"https:\/\/mangueira.com.br\/site\/wp-content\/uploads\/2021\/03\/NOT_01.jpg","type":"image\/jpeg"}],"twitter_card":"summary_large_image","twitter_site":"@gresmangueira","twitter_misc":{"Est. tempo de leitura":"1 minuto"},"schema":{"@context":"https:\/\/schema.org","@graph":[{"@type":"WebPage","@id":"https:\/\/mangueira.com.br\/site\/acervo-virtual-mangueira\/","url":"https:\/\/mangueira.com.br\/site\/acervo-virtual-mangueira\/","name":"ACERVO VIRTUAL DE MANGUEIRA - Mangueira","isPartOf":{"@id":"https:\/\/mangueira.com.br\/site\/#website"},"primaryImageOfPage":{"@id":"https:\/\/mangueira.com.br\/site\/acervo-virtual-mangueira\/#primaryimage"},"image":{"@id":"https:\/\/mangueira.com.br\/site\/acervo-virtual-mangueira\/#primaryimage"},"thumbnailUrl":"https:\/\/mangueira.com.br\/site\/wp-content\/uploads\/2021\/03\/NOT_01-225x300.jpg","datePublished":"2024-02-19T16:35:36+00:00","dateModified":"2024-12-19T17:54:02+00:00","breadcrumb":{"@id":"https:\/\/mangueira.com.br\/site\/acervo-virtual-mangueira\/#breadcrumb"},"inLanguage":"pt-BR","potentialAction":[{"@type":"ReadAction","target":["https:\/\/mangueira.com.br\/site\/acervo-virtual-mangueira\/"]}]},{"@type":"ImageObject","inLanguage":"pt-BR","@id":"https:\/\/mangueira.com.br\/site\/acervo-virtual-mangueira\/#primaryimage","url":"https:\/\/mangueira.com.br\/site\/wp-content\/uploads\/2021\/03\/NOT_01.jpg","contentUrl":"https:\/\/mangueira.com.br\/site\/wp-content\/uploads\/2021\/03\/NOT_01.jpg","width":350,"height":466},{"@type":"BreadcrumbList","@id":"https:\/\/mangueira.com.br\/site\/acervo-virtual-mangueira\/#breadcrumb","itemListElement":[{"@type":"ListItem","position":1,"name":"In\u00edcio","item":"https:\/\/mangueira.com.br\/site\/"},{"@type":"ListItem","position":2,"name":"ACERVO VIRTUAL DE MANGUEIRA"}]},{"@type":"WebSite","@id":"https:\/\/mangueira.com.br\/site\/#website","url":"https:\/\/mangueira.com.br\/site\/","name":"Mangueira","description":"A Maior Escola de Samba do Planeta","publisher":{"@id":"https:\/\/mangueira.com.br\/site\/#organization"},"potentialAction":[{"@type":"SearchAction","target":{"@type":"EntryPoint","urlTemplate":"https:\/\/mangueira.com.br\/site\/?s={search_term_string}"},"query-input":{"@type":"PropertyValueSpecification","valueRequired":true,"valueName":"search_term_string"}}],"inLanguage":"pt-BR"},{"@type":"Organization","@id":"https:\/\/mangueira.com.br\/site\/#organization","name":"Mangueira","url":"https:\/\/mangueira.com.br\/site\/","logo":{"@type":"ImageObject","inLanguage":"pt-BR","@id":"https:\/\/mangueira.com.br\/site\/#\/schema\/logo\/image\/","url":"https:\/\/mangueira.com.br\/site\/wp-content\/uploads\/2021\/03\/mangueira-logo-BrancoBrancoPeq-1.png","contentUrl":"https:\/\/mangueira.com.br\/site\/wp-content\/uploads\/2021\/03\/mangueira-logo-BrancoBrancoPeq-1.png","width":350,"height":415,"caption":"Mangueira"},"image":{"@id":"https:\/\/mangueira.com.br\/site\/#\/schema\/logo\/image\/"},"sameAs":["https:\/\/facebook.com\/GRESEPMangueira","https:\/\/x.com\/gresmangueira","https:\/\/www.instagram.com\/mangueira_oficial","https:\/\/www.youtube.com\/c\/estacaoprimeirademangueira"]}]}},"uagb_featured_image_src":{"full":false,"thumbnail":false,"medium":false,"medium_large":false,"large":false,"1536x1536":false,"2048x2048":false},"uagb_author_info":{"display_name":"admin.mangueira","author_link":"https:\/\/mangueira.com.br\/site\/author\/admin-mangueira\/"},"uagb_comment_info":0,"uagb_excerpt":"Programa: Acervo Virtual de MangueiraProjeto: Esta\u00e7\u00e3o Primeira de Mangueira: Ancestralidade, Mem\u00f3ria e o Poder Feminino em sua hist\u00f3ria EDITAL N\u00b0 001\/2024 SELE\u00c7\u00c3O SIMPLIFICADA DE CURR\u00cdCULOS O Gr\u00eamio Recreativo Escola de Samba Esta\u00e7\u00e3o Primeira de Mangueira, CNPJ n\u00b0 30.029.219\/0001-84, com endere\u00e7o na Rua Visconde de Niter\u00f3i, 1072 \u2013 Rio de Janeiro \u2013 RJ \u2013 CEP: 20943001,&hellip;","_links":{"self":[{"href":"https:\/\/mangueira.com.br\/site\/wp-json\/wp\/v2\/pages\/5992","targetHints":{"allow":["GET"]}}],"collection":[{"href":"https:\/\/mangueira.com.br\/site\/wp-json\/wp\/v2\/pages"}],"about":[{"href":"https:\/\/mangueira.com.br\/site\/wp-json\/wp\/v2\/types\/page"}],"author":[{"embeddable":true,"href":"https:\/\/mangueira.com.br\/site\/wp-json\/wp\/v2\/users\/1"}],"replies":[{"embeddable":true,"href":"https:\/\/mangueira.com.br\/site\/wp-json\/wp\/v2\/comments?post=5992"}],"version-history":[{"count":28,"href":"https:\/\/mangueira.com.br\/site\/wp-json\/wp\/v2\/pages\/5992\/revisions"}],"predecessor-version":[{"id":6445,"href":"https:\/\/mangueira.com.br\/site\/wp-json\/wp\/v2\/pages\/5992\/revisions\/6445"}],"wp:attachment":[{"href":"https:\/\/mangueira.com.br\/site\/wp-json\/wp\/v2\/media?parent=5992"}],"curies":[{"name":"wp","href":"https:\/\/api.w.org\/{rel}","templated":true}]}}