{"id":1515,"date":"2021-03-15T20:59:16","date_gmt":"2021-03-15T23:59:16","guid":{"rendered":"http:\/\/mangueira.com.br\/site\/campeonatos-copy\/"},"modified":"2022-06-19T11:28:53","modified_gmt":"2022-06-19T14:28:53","slug":"historia-da-mangueira","status":"publish","type":"page","link":"https:\/\/mangueira.com.br\/site\/historia-da-mangueira\/","title":{"rendered":"HISTORIA DA MANGUEIRA"},"content":{"rendered":"\t\t<div data-elementor-type=\"wp-page\" data-elementor-id=\"1515\" class=\"elementor elementor-1515\">\n\t\t\t\t\t\t<section class=\"elementor-section elementor-top-section elementor-element elementor-element-929fb80 ct-section-stretched elementor-section-content-top ct-columns-alignment-fix elementor-section-full_width elementor-section-height-default elementor-section-height-default\" data-id=\"929fb80\" data-element_type=\"section\">\n\t\t\t\t\t\t<div class=\"elementor-container elementor-column-gap-default\">\n\t\t\t\t\t<div class=\"elementor-column elementor-col-100 elementor-top-column elementor-element elementor-element-7ed69b9c\" data-id=\"7ed69b9c\" data-element_type=\"column\">\n\t\t\t<div class=\"elementor-widget-wrap elementor-element-populated\">\n\t\t\t\t\t\t<div class=\"elementor-element elementor-element-ec6868c elementor-widget elementor-widget-spacer\" data-id=\"ec6868c\" data-element_type=\"widget\" data-widget_type=\"spacer.default\">\n\t\t\t\t<div class=\"elementor-widget-container\">\n\t\t\t\t\t\t\t<div class=\"elementor-spacer\">\n\t\t\t<div class=\"elementor-spacer-inner\"><\/div>\n\t\t<\/div>\n\t\t\t\t\t\t<\/div>\n\t\t\t\t<\/div>\n\t\t\t\t\t<\/div>\n\t\t<\/div>\n\t\t\t\t\t<\/div>\n\t\t<\/section>\n\t\t\t\t<section class=\"elementor-section elementor-top-section elementor-element elementor-element-630e1de ct-section-stretched elementor-section-content-top ct-columns-alignment-fix elementor-section-boxed elementor-section-height-default elementor-section-height-default\" data-id=\"630e1de\" data-element_type=\"section\" data-settings=\"{&quot;background_background&quot;:&quot;classic&quot;}\">\n\t\t\t\t\t\t<div class=\"elementor-container elementor-column-gap-default\">\n\t\t\t\t\t<div class=\"elementor-column elementor-col-100 elementor-top-column elementor-element elementor-element-bf76614\" data-id=\"bf76614\" data-element_type=\"column\">\n\t\t\t<div class=\"elementor-widget-wrap elementor-element-populated\">\n\t\t\t\t\t\t<section class=\"elementor-section elementor-inner-section elementor-element elementor-element-57eafab elementor-section-boxed elementor-section-height-default elementor-section-height-default\" data-id=\"57eafab\" data-element_type=\"section\">\n\t\t\t\t\t\t<div class=\"elementor-container elementor-column-gap-default\">\n\t\t\t\t\t<div class=\"elementor-column elementor-col-100 elementor-inner-column elementor-element elementor-element-c0ace97\" data-id=\"c0ace97\" data-element_type=\"column\">\n\t\t\t<div class=\"elementor-widget-wrap elementor-element-populated\">\n\t\t\t\t\t\t<div class=\"elementor-element elementor-element-8d5b68c elementor-widget elementor-widget-image\" data-id=\"8d5b68c\" data-element_type=\"widget\" data-widget_type=\"image.default\">\n\t\t\t\t<div class=\"elementor-widget-container\">\n\t\t\t\t\t\t\t\t\t\t\t\t\t\t\t<img fetchpriority=\"high\" decoding=\"async\" width=\"768\" height=\"362\" src=\"https:\/\/mangueira.com.br\/site\/wp-content\/uploads\/2021\/03\/Ala-dos-Periquitos_edit-1024x482-1-768x362.jpg\" class=\"attachment-medium_large size-medium_large wp-image-1840\" alt=\"\" srcset=\"https:\/\/mangueira.com.br\/site\/wp-content\/uploads\/2021\/03\/Ala-dos-Periquitos_edit-1024x482-1-768x362.jpg 768w, https:\/\/mangueira.com.br\/site\/wp-content\/uploads\/2021\/03\/Ala-dos-Periquitos_edit-1024x482-1-300x141.jpg 300w, https:\/\/mangueira.com.br\/site\/wp-content\/uploads\/2021\/03\/Ala-dos-Periquitos_edit-1024x482-1.jpg 1024w\" sizes=\"(max-width: 768px) 100vw, 768px\" \/>\t\t\t\t\t\t\t\t\t\t\t\t\t\t\t<\/div>\n\t\t\t\t<\/div>\n\t\t\t\t\t<\/div>\n\t\t<\/div>\n\t\t\t\t\t<\/div>\n\t\t<\/section>\n\t\t\t\t<div class=\"elementor-element elementor-element-7d75d22 elementor-widget elementor-widget-text-editor\" data-id=\"7d75d22\" data-element_type=\"widget\" data-widget_type=\"text-editor.default\">\n\t\t\t\t<div class=\"elementor-widget-container\">\n\t\t\t\t\t\t\t\t\t<p><span style=\"background-color: var( --e-global-color-e8a522e ); color: var(--color); font-size: inherit; font-family: var(--fontFamily); font-style: var(--fontStyle, inherit); font-weight: var(--fontWeight); letter-spacing: var(--letterSpacing); text-transform: var(--textTransform);\">A Mangueira mantinha as tradi\u00e7\u00f5es e cren\u00e7as de seus ancestrais, seus batuques e seus cantos, agora abrasileirados, numa fus\u00e3o de tradi\u00e7\u00f5es de v\u00e1rias na\u00e7\u00f5es africanas, com influ\u00eancias ind\u00edgenas e tamb\u00e9m dos brancos: afro-brasileiras. O candombl\u00e9 e a umbanda tinham muitos adeptos na comunidade e alguns casebres serviam de templos. Neles eram realizadas cerim\u00f4nias religiosas e outras comemora\u00e7\u00f5es. Os terreiros de Tia F\u00e9, Chiquinho Crioulo, de Minan e Maria Rainha, entre outros, serviam ao sagrado e ao profano, ao som dos atabaques.&nbsp;<\/span><\/p><p><span style=\"color: var(--color); font-size: inherit; font-family: var(--fontFamily); font-style: var(--fontStyle, inherit); font-weight: var(--fontWeight); letter-spacing: var(--letterSpacing); text-transform: var(--textTransform); background-color: var( --e-global-color-e8a522e );\">Nos Carnavais, como n\u00e3o podiam participar dos elegantes desfiles dos brancos, tinham seus blocos para se divertirem. Familiares, tudo com muito&nbsp;respeito.&nbsp;<\/span><span style=\"color: var(--color); font-size: inherit; font-family: var(--fontFamily); font-style: var(--fontStyle, inherit); font-weight: var(--fontWeight); letter-spacing: var(--letterSpacing); text-transform: var(--textTransform); background-color: var( --e-global-color-e8a522e );\">Mas justamente&nbsp; os&nbsp; &nbsp;melhores&nbsp;<\/span>sambista<span style=\"background-color: var( --e-global-color-e8a522e ); color: var(--color); font-size: inherit; font-family: var(--fontFamily); font-style: var(--fontStyle, inherit); font-weight: var(--fontWeight); letter-spacing: var(--letterSpacing); text-transform: var(--textTransform);\">&nbsp;&nbsp;<\/span><span style=\"background-color: var( --e-global-color-e8a522e ); color: var(--color); font-size: inherit; font-family: var(--fontFamily); font-style: var(--fontStyle, inherit); font-weight: var(--fontWeight); letter-spacing: var(--letterSpacing); text-transform: var(--textTransform);\">\u2013<\/span><span style=\"background-color: var( --e-global-color-e8a522e ); color: var(--color); font-size: inherit; font-family: var(--fontFamily); font-style: var(--fontStyle, inherit); font-weight: var(--fontWeight); letter-spacing: var(--letterSpacing); text-transform: var(--textTransform);\">&nbsp;<\/span><span style=\"font-size: inherit; text-align: inherit; background-color: var( --e-global-color-e8a522e ); color: var(--color); font-family: var(--fontFamily); font-style: var(--fontStyle, inherit); font-weight: var(--fontWeight); letter-spacing: var(--letterSpacing); text-transform: var(--textTransform);\">&nbsp;e Mangueira j\u00e1 era um conhecido reduto do samba \u2013 n\u00e3o eram bem vindos.&nbsp;Eles bebiam, falavam palavr\u00e3o, se metiam em brigas e por conta disso estavam barrados nos blocos carnavalescos das fam\u00edlias do morro. Para resolver o problema, criaram um bloco s\u00f3 de homens, o Bloco dos Arengueiros, que significa fazer arengaria, algazarra, farra, bagun\u00e7a. Segundo contam, sa\u00edram pela primeira vez em 1923, vestidos de mulher, arrumando briga com todos os outros blocos que encontravam. Depois de apanharem, baterem e serem presos por cinco anos, no dia 28 de abril de 1928, decidiram unir todos os blocos de Mangueira, para desfilar na Pra\u00e7a Onze. Reuniram-se Angenor de Oliveira (Cartola), Saturnino Gon\u00e7alves (Seu Saturnino), Abelardo da Bolinha, Carlos Moreira de Castro (Carlos Cacha\u00e7a), Jos\u00e9 Gomes da Costa (Z\u00e9 Espinguela), Euclides Roberto dos Santos (Seu Euclides), Marcelino Jos\u00e9 Claudino (Seu Ma\u00e7u) e Pedro Paquet\u00e1 e fundaram o Gr\u00eamio Recreativo Escola de Samba Esta\u00e7\u00e3o Primeira de Mangueira. Como seu primeiro presidente, elegeram o Sr. Saturnino Gon\u00e7alves.<\/span><\/p>\n<p>Por sugest\u00e3o de Cartola, adotaram as cores verde e rosa, do Rancho do Arrepiado, de Laranjeiras, lembran\u00e7a dos carnavais de sua inf\u00e2ncia. Recebeu o nome de Esta\u00e7\u00e3o Primeira porque a primeira parada do trem, que saia da Esta\u00e7\u00e3o de Dom Pedro para o sub\u00farbio, onde havia samba, era Mangueira. Esses oito jovens que fundaram o G.R.E.S. Esta\u00e7\u00e3o Primeira de Mangueira, jamais pensaram que, oitenta anos depois, a Escola que fundaram n\u00e3o seria apenas uma Escola de Samba. N\u00e3o podiam imaginar que o morro em que moravam teria uma popula\u00e7\u00e3o de quarenta e cinco mil habitantes.<\/p>\n<p>Que as a\u00e7\u00f5es sociais desenvolvidas pela Esta\u00e7\u00e3o Primeira de Mangueira atenderiam diariamente dez mil moradores do morro. Que uma mulher nascida ali receberia atendimento para seu filho nascer, crescer, estudar e se formar numa faculdade. Tudo gratuitamente, gra\u00e7as \u00e0s parcerias estabelecidas com os governos federal, estadual, municipal e empresas privadas. Ou que naquela comunidade o \u00edndice de crian\u00e7as analfabetas seria de 0%, pois todas as crian\u00e7as em idade escolar estariam nas salas de aula e que o \u00edndice de mortalidade infantil no seu morro, nos dias atuais seria zero. Porque a Escola de Samba que eles fundaram hoje \u00e9 tamb\u00e9m, UMA ESCOLA DE VIDA.<\/p>\n<p>Texto: Fernando Ant\u00f4nio Guerra Peixe, Rubens de Sant\u2019Anna e Heloisa Alves<\/p>\t\t\t\t\t\t\t\t<\/div>\n\t\t\t\t<\/div>\n\t\t\t\t\t<\/div>\n\t\t<\/div>\n\t\t\t\t\t<\/div>\n\t\t<\/section>\n\t\t\t\t<\/div>\n\t\t","protected":false},"excerpt":{"rendered":"<p>A Mangueira mantinha as tradi\u00e7\u00f5es e cren\u00e7as de seus ancestrais, seus batuques e seus cantos, agora abrasileirados, numa fus\u00e3o de tradi\u00e7\u00f5es de v\u00e1rias na\u00e7\u00f5es africanas, com influ\u00eancias ind\u00edgenas e tamb\u00e9m dos brancos: afro-brasileiras. O candombl\u00e9 e a umbanda tinham muitos adeptos na comunidade e alguns casebres serviam de templos. Neles eram realizadas cerim\u00f4nias religiosas e outras comemora\u00e7\u00f5es. Os terreiros de Tia F\u00e9, Chiquinho Crioulo, de Minan e Maria Rainha, entre outros, serviam ao sagrado e ao profano, ao som dos atabaques.&nbsp; Nos Carnavais, como n\u00e3o podiam participar dos elegantes desfiles dos brancos, tinham seus blocos para se divertirem. Familiares, tudo\u2026<\/p>\n","protected":false},"author":1,"featured_media":0,"parent":0,"menu_order":0,"comment_status":"closed","ping_status":"closed","template":"","meta":{"footnotes":""},"class_list":["post-1515","page","type-page","status-publish","hentry"],"blocksy_meta":"","featured_image_urls":{"full":"","thumbnail":"","medium":"","medium_large":"","large":"","1536x1536":"","2048x2048":""},"post_excerpt_stackable":"<p>A Mangueira mantinha as tradi\u00e7\u00f5es e cren\u00e7as de seus ancestrais, seus batuques e seus cantos, agora abrasileirados, numa fus\u00e3o de tradi\u00e7\u00f5es de v\u00e1rias na\u00e7\u00f5es africanas, com influ\u00eancias ind\u00edgenas e tamb\u00e9m dos brancos: afro-brasileiras. O candombl\u00e9 e a umbanda tinham muitos adeptos na comunidade e alguns casebres serviam de templos. Neles eram realizadas cerim\u00f4nias religiosas e outras comemora\u00e7\u00f5es. Os terreiros de Tia F\u00e9, Chiquinho Crioulo, de Minan e Maria Rainha, entre outros, serviam ao sagrado e ao profano, ao som dos atabaques.&nbsp;Nos Carnavais, como n\u00e3o podiam participar dos elegantes desfiles dos brancos, tinham seus blocos para se divertirem. Familiares, tudo com&hellip;<\/p>\n","category_list":"","author_info":{"name":"admin.mangueira","url":"https:\/\/mangueira.com.br\/site\/author\/admin-mangueira\/"},"comments_num":"0 coment\u00e1rio","yoast_head":"<!-- This site is optimized with the Yoast SEO plugin v26.7 - https:\/\/yoast.com\/wordpress\/plugins\/seo\/ -->\n<title>HISTORIA DA MANGUEIRA - Mangueira<\/title>\n<meta name=\"robots\" content=\"index, follow, max-snippet:-1, max-image-preview:large, max-video-preview:-1\" \/>\n<link rel=\"canonical\" href=\"https:\/\/mangueira.com.br\/site\/historia-da-mangueira\/\" \/>\n<meta property=\"og:locale\" content=\"pt_BR\" \/>\n<meta property=\"og:type\" content=\"article\" \/>\n<meta property=\"og:title\" content=\"HISTORIA DA MANGUEIRA - Mangueira\" \/>\n<meta property=\"og:description\" content=\"A Mangueira mantinha as tradi\u00e7\u00f5es e cren\u00e7as de seus ancestrais, seus batuques e seus cantos, agora abrasileirados, numa fus\u00e3o de tradi\u00e7\u00f5es de v\u00e1rias na\u00e7\u00f5es africanas, com influ\u00eancias ind\u00edgenas e tamb\u00e9m dos brancos: afro-brasileiras. O candombl\u00e9 e a umbanda tinham muitos adeptos na comunidade e alguns casebres serviam de templos. Neles eram realizadas cerim\u00f4nias religiosas e outras comemora\u00e7\u00f5es. Os terreiros de Tia F\u00e9, Chiquinho Crioulo, de Minan e Maria Rainha, entre outros, serviam ao sagrado e ao profano, ao som dos atabaques.&nbsp; Nos Carnavais, como n\u00e3o podiam participar dos elegantes desfiles dos brancos, tinham seus blocos para se divertirem. Familiares, tudo\u2026\" \/>\n<meta property=\"og:url\" content=\"https:\/\/mangueira.com.br\/site\/historia-da-mangueira\/\" \/>\n<meta property=\"og:site_name\" content=\"Mangueira\" \/>\n<meta property=\"article:publisher\" content=\"https:\/\/facebook.com\/GRESEPMangueira\" \/>\n<meta property=\"article:modified_time\" content=\"2022-06-19T14:28:53+00:00\" \/>\n<meta property=\"og:image\" content=\"https:\/\/mangueira.com.br\/site\/wp-content\/uploads\/2021\/03\/Ala-dos-Periquitos_edit-1024x482-1.jpg\" \/>\n\t<meta property=\"og:image:width\" content=\"1024\" \/>\n\t<meta property=\"og:image:height\" content=\"482\" \/>\n\t<meta property=\"og:image:type\" content=\"image\/jpeg\" \/>\n<meta name=\"twitter:card\" content=\"summary_large_image\" \/>\n<meta name=\"twitter:site\" content=\"@gresmangueira\" \/>\n<meta name=\"twitter:label1\" content=\"Est. tempo de leitura\" \/>\n\t<meta name=\"twitter:data1\" content=\"3 minutos\" \/>\n<script type=\"application\/ld+json\" class=\"yoast-schema-graph\">{\"@context\":\"https:\/\/schema.org\",\"@graph\":[{\"@type\":\"WebPage\",\"@id\":\"https:\/\/mangueira.com.br\/site\/historia-da-mangueira\/\",\"url\":\"https:\/\/mangueira.com.br\/site\/historia-da-mangueira\/\",\"name\":\"HISTORIA DA MANGUEIRA - Mangueira\",\"isPartOf\":{\"@id\":\"https:\/\/mangueira.com.br\/site\/#website\"},\"primaryImageOfPage\":{\"@id\":\"https:\/\/mangueira.com.br\/site\/historia-da-mangueira\/#primaryimage\"},\"image\":{\"@id\":\"https:\/\/mangueira.com.br\/site\/historia-da-mangueira\/#primaryimage\"},\"thumbnailUrl\":\"https:\/\/mangueira.com.br\/site\/wp-content\/uploads\/2021\/03\/Ala-dos-Periquitos_edit-1024x482-1-768x362.jpg\",\"datePublished\":\"2021-03-15T23:59:16+00:00\",\"dateModified\":\"2022-06-19T14:28:53+00:00\",\"breadcrumb\":{\"@id\":\"https:\/\/mangueira.com.br\/site\/historia-da-mangueira\/#breadcrumb\"},\"inLanguage\":\"pt-BR\",\"potentialAction\":[{\"@type\":\"ReadAction\",\"target\":[\"https:\/\/mangueira.com.br\/site\/historia-da-mangueira\/\"]}]},{\"@type\":\"ImageObject\",\"inLanguage\":\"pt-BR\",\"@id\":\"https:\/\/mangueira.com.br\/site\/historia-da-mangueira\/#primaryimage\",\"url\":\"https:\/\/mangueira.com.br\/site\/wp-content\/uploads\/2021\/03\/Ala-dos-Periquitos_edit-1024x482-1.jpg\",\"contentUrl\":\"https:\/\/mangueira.com.br\/site\/wp-content\/uploads\/2021\/03\/Ala-dos-Periquitos_edit-1024x482-1.jpg\",\"width\":1024,\"height\":482},{\"@type\":\"BreadcrumbList\",\"@id\":\"https:\/\/mangueira.com.br\/site\/historia-da-mangueira\/#breadcrumb\",\"itemListElement\":[{\"@type\":\"ListItem\",\"position\":1,\"name\":\"In\u00edcio\",\"item\":\"https:\/\/mangueira.com.br\/site\/\"},{\"@type\":\"ListItem\",\"position\":2,\"name\":\"HISTORIA DA MANGUEIRA\"}]},{\"@type\":\"WebSite\",\"@id\":\"https:\/\/mangueira.com.br\/site\/#website\",\"url\":\"https:\/\/mangueira.com.br\/site\/\",\"name\":\"Mangueira\",\"description\":\"A Maior Escola de Samba do Planeta\",\"publisher\":{\"@id\":\"https:\/\/mangueira.com.br\/site\/#organization\"},\"potentialAction\":[{\"@type\":\"SearchAction\",\"target\":{\"@type\":\"EntryPoint\",\"urlTemplate\":\"https:\/\/mangueira.com.br\/site\/?s={search_term_string}\"},\"query-input\":{\"@type\":\"PropertyValueSpecification\",\"valueRequired\":true,\"valueName\":\"search_term_string\"}}],\"inLanguage\":\"pt-BR\"},{\"@type\":\"Organization\",\"@id\":\"https:\/\/mangueira.com.br\/site\/#organization\",\"name\":\"Mangueira\",\"url\":\"https:\/\/mangueira.com.br\/site\/\",\"logo\":{\"@type\":\"ImageObject\",\"inLanguage\":\"pt-BR\",\"@id\":\"https:\/\/mangueira.com.br\/site\/#\/schema\/logo\/image\/\",\"url\":\"https:\/\/mangueira.com.br\/site\/wp-content\/uploads\/2021\/03\/mangueira-logo-BrancoBrancoPeq-1.png\",\"contentUrl\":\"https:\/\/mangueira.com.br\/site\/wp-content\/uploads\/2021\/03\/mangueira-logo-BrancoBrancoPeq-1.png\",\"width\":350,\"height\":415,\"caption\":\"Mangueira\"},\"image\":{\"@id\":\"https:\/\/mangueira.com.br\/site\/#\/schema\/logo\/image\/\"},\"sameAs\":[\"https:\/\/facebook.com\/GRESEPMangueira\",\"https:\/\/x.com\/gresmangueira\",\"https:\/\/www.instagram.com\/mangueira_oficial\",\"https:\/\/www.youtube.com\/c\/estacaoprimeirademangueira\"]}]}<\/script>\n<!-- \/ Yoast SEO plugin. -->","yoast_head_json":{"title":"HISTORIA DA MANGUEIRA - Mangueira","robots":{"index":"index","follow":"follow","max-snippet":"max-snippet:-1","max-image-preview":"max-image-preview:large","max-video-preview":"max-video-preview:-1"},"canonical":"https:\/\/mangueira.com.br\/site\/historia-da-mangueira\/","og_locale":"pt_BR","og_type":"article","og_title":"HISTORIA DA MANGUEIRA - Mangueira","og_description":"A Mangueira mantinha as tradi\u00e7\u00f5es e cren\u00e7as de seus ancestrais, seus batuques e seus cantos, agora abrasileirados, numa fus\u00e3o de tradi\u00e7\u00f5es de v\u00e1rias na\u00e7\u00f5es africanas, com influ\u00eancias ind\u00edgenas e tamb\u00e9m dos brancos: afro-brasileiras. O candombl\u00e9 e a umbanda tinham muitos adeptos na comunidade e alguns casebres serviam de templos. Neles eram realizadas cerim\u00f4nias religiosas e outras comemora\u00e7\u00f5es. Os terreiros de Tia F\u00e9, Chiquinho Crioulo, de Minan e Maria Rainha, entre outros, serviam ao sagrado e ao profano, ao som dos atabaques.&nbsp; Nos Carnavais, como n\u00e3o podiam participar dos elegantes desfiles dos brancos, tinham seus blocos para se divertirem. Familiares, tudo\u2026","og_url":"https:\/\/mangueira.com.br\/site\/historia-da-mangueira\/","og_site_name":"Mangueira","article_publisher":"https:\/\/facebook.com\/GRESEPMangueira","article_modified_time":"2022-06-19T14:28:53+00:00","og_image":[{"width":1024,"height":482,"url":"https:\/\/mangueira.com.br\/site\/wp-content\/uploads\/2021\/03\/Ala-dos-Periquitos_edit-1024x482-1.jpg","type":"image\/jpeg"}],"twitter_card":"summary_large_image","twitter_site":"@gresmangueira","twitter_misc":{"Est. tempo de leitura":"3 minutos"},"schema":{"@context":"https:\/\/schema.org","@graph":[{"@type":"WebPage","@id":"https:\/\/mangueira.com.br\/site\/historia-da-mangueira\/","url":"https:\/\/mangueira.com.br\/site\/historia-da-mangueira\/","name":"HISTORIA DA MANGUEIRA - Mangueira","isPartOf":{"@id":"https:\/\/mangueira.com.br\/site\/#website"},"primaryImageOfPage":{"@id":"https:\/\/mangueira.com.br\/site\/historia-da-mangueira\/#primaryimage"},"image":{"@id":"https:\/\/mangueira.com.br\/site\/historia-da-mangueira\/#primaryimage"},"thumbnailUrl":"https:\/\/mangueira.com.br\/site\/wp-content\/uploads\/2021\/03\/Ala-dos-Periquitos_edit-1024x482-1-768x362.jpg","datePublished":"2021-03-15T23:59:16+00:00","dateModified":"2022-06-19T14:28:53+00:00","breadcrumb":{"@id":"https:\/\/mangueira.com.br\/site\/historia-da-mangueira\/#breadcrumb"},"inLanguage":"pt-BR","potentialAction":[{"@type":"ReadAction","target":["https:\/\/mangueira.com.br\/site\/historia-da-mangueira\/"]}]},{"@type":"ImageObject","inLanguage":"pt-BR","@id":"https:\/\/mangueira.com.br\/site\/historia-da-mangueira\/#primaryimage","url":"https:\/\/mangueira.com.br\/site\/wp-content\/uploads\/2021\/03\/Ala-dos-Periquitos_edit-1024x482-1.jpg","contentUrl":"https:\/\/mangueira.com.br\/site\/wp-content\/uploads\/2021\/03\/Ala-dos-Periquitos_edit-1024x482-1.jpg","width":1024,"height":482},{"@type":"BreadcrumbList","@id":"https:\/\/mangueira.com.br\/site\/historia-da-mangueira\/#breadcrumb","itemListElement":[{"@type":"ListItem","position":1,"name":"In\u00edcio","item":"https:\/\/mangueira.com.br\/site\/"},{"@type":"ListItem","position":2,"name":"HISTORIA DA MANGUEIRA"}]},{"@type":"WebSite","@id":"https:\/\/mangueira.com.br\/site\/#website","url":"https:\/\/mangueira.com.br\/site\/","name":"Mangueira","description":"A Maior Escola de Samba do Planeta","publisher":{"@id":"https:\/\/mangueira.com.br\/site\/#organization"},"potentialAction":[{"@type":"SearchAction","target":{"@type":"EntryPoint","urlTemplate":"https:\/\/mangueira.com.br\/site\/?s={search_term_string}"},"query-input":{"@type":"PropertyValueSpecification","valueRequired":true,"valueName":"search_term_string"}}],"inLanguage":"pt-BR"},{"@type":"Organization","@id":"https:\/\/mangueira.com.br\/site\/#organization","name":"Mangueira","url":"https:\/\/mangueira.com.br\/site\/","logo":{"@type":"ImageObject","inLanguage":"pt-BR","@id":"https:\/\/mangueira.com.br\/site\/#\/schema\/logo\/image\/","url":"https:\/\/mangueira.com.br\/site\/wp-content\/uploads\/2021\/03\/mangueira-logo-BrancoBrancoPeq-1.png","contentUrl":"https:\/\/mangueira.com.br\/site\/wp-content\/uploads\/2021\/03\/mangueira-logo-BrancoBrancoPeq-1.png","width":350,"height":415,"caption":"Mangueira"},"image":{"@id":"https:\/\/mangueira.com.br\/site\/#\/schema\/logo\/image\/"},"sameAs":["https:\/\/facebook.com\/GRESEPMangueira","https:\/\/x.com\/gresmangueira","https:\/\/www.instagram.com\/mangueira_oficial","https:\/\/www.youtube.com\/c\/estacaoprimeirademangueira"]}]}},"uagb_featured_image_src":{"full":false,"thumbnail":false,"medium":false,"medium_large":false,"large":false,"1536x1536":false,"2048x2048":false},"uagb_author_info":{"display_name":"admin.mangueira","author_link":"https:\/\/mangueira.com.br\/site\/author\/admin-mangueira\/"},"uagb_comment_info":0,"uagb_excerpt":"A Mangueira mantinha as tradi\u00e7\u00f5es e cren\u00e7as de seus ancestrais, seus batuques e seus cantos, agora abrasileirados, numa fus\u00e3o de tradi\u00e7\u00f5es de v\u00e1rias na\u00e7\u00f5es africanas, com influ\u00eancias ind\u00edgenas e tamb\u00e9m dos brancos: afro-brasileiras. O candombl\u00e9 e a umbanda tinham muitos adeptos na comunidade e alguns casebres serviam de templos. Neles eram realizadas cerim\u00f4nias religiosas e&hellip;","_links":{"self":[{"href":"https:\/\/mangueira.com.br\/site\/wp-json\/wp\/v2\/pages\/1515","targetHints":{"allow":["GET"]}}],"collection":[{"href":"https:\/\/mangueira.com.br\/site\/wp-json\/wp\/v2\/pages"}],"about":[{"href":"https:\/\/mangueira.com.br\/site\/wp-json\/wp\/v2\/types\/page"}],"author":[{"embeddable":true,"href":"https:\/\/mangueira.com.br\/site\/wp-json\/wp\/v2\/users\/1"}],"replies":[{"embeddable":true,"href":"https:\/\/mangueira.com.br\/site\/wp-json\/wp\/v2\/comments?post=1515"}],"version-history":[{"count":61,"href":"https:\/\/mangueira.com.br\/site\/wp-json\/wp\/v2\/pages\/1515\/revisions"}],"predecessor-version":[{"id":3923,"href":"https:\/\/mangueira.com.br\/site\/wp-json\/wp\/v2\/pages\/1515\/revisions\/3923"}],"wp:attachment":[{"href":"https:\/\/mangueira.com.br\/site\/wp-json\/wp\/v2\/media?parent=1515"}],"curies":[{"name":"wp","href":"https:\/\/api.w.org\/{rel}","templated":true}]}}